0
Let c(o) be the first derivative of o**2 + 7*o - 684. Determine c(-7).
-7
Let t(l) = -10 + 19 - 55*l - l**3 + 5 - 7*l**2 + 58*l. Determine t(-7).
-7
Let r(b) = b**2 + 0 + 7*b - 7 - 1 - 2*b**2. Give r(7).
-8
Let h(x) = -x - 6. Let r be (-6)/(-9)*-1*(7 - 1). Calculate h(r).
-2
Let u(a) = a**3 - a + 5. Suppose 0 = -z - 4*j + 2 + 4, -4*z + 42 = -2*j. Suppose -x - c = 2, 3*x - 6*c + c = z. Give u(x).
5
Let z(b) = b**2 - 3 + 2 - 4 - b**3 + 4. Calculate z(0).
-1
Let f(j) = -3*j - 37. Let g be f(-13). Let h(w) = w**3 - w**3 - 7*w**2 + 2 + g*w**2 + w**3 - 9*w. Give h(6).
-16
Suppose -54*h + 40 = -64*h. Let v(d) = d**3 + 2*d**2 + 4*d + 1. What is v(h)?
-47
Suppose -5*w - 5*s - 1 = 14, -13 = 5*w + 3*s. Let j = -16 - w. Let d be 9/(-7) - 4/j. Let f(q) = -9*q - 1. Calculate f(d).
8
Let x(g) be the second derivative of 3/10*g**5 + 0 + 27*g - 1/12*g**4 + 0*g**2 + 0*g**3. What is x(1)?
5
Let j be 1 + (-21)/15 + 8/20. Let f(q) = q - 6. Calculate f(j).
-6
Let l(x) = -x**3 - 7*x**2 + 12*x - 6. Let f be l(-9). Let j be 2/(-12) + 8/f. Let a(t) = -t**3 + t - t + j*t**2 + 1 + 4*t**2. Calculate a(4).
1
Let j = 60 - 52. Let u(c) = -2*c - 3. What is u(j)?
-19
Let p = 1 + -1. Let t(x) = 5*x + 512. Let d be t(0). Let c(v) = 0*v - 527 + d + v. Calculate c(p).
-15
Let a(x) = 7*x + 4. Let q(y) = -9*y - 5. Let r(c) = 4*a(c) + 3*q(c). Determine r(-8).
-7
Let t(h) be the second derivative of 2*h**3/3 + 2*h. Suppose 4*p - 32 = -8. Let f(y) = -y. Let n(u) = p*f(u) + 2*t(u). What is n(3)?
6
Let g(k) = k**3 - k**2 - k + 1. Suppose 14 = -6*a - 2*d, 5*d + 6 + 1 = -a. Give g(a).
-9
Suppose -8*d - 11 = -51. Suppose 5*c + 25 + d = 0. Let z(f) = -f**2 - 4*f - 3. What is z(c)?
-15
Suppose 9*h + 286 + 182 = 0. Let a = 58 + h. Let u(f) = 5*f + 5. Let d(j) = 4*j + 5. Let y(p) = 6*d(p) - 5*u(p). What is y(a)?
-1
Let i be 2/6 + 22/6. Let a(f) = -9*f**3 + 25*f**2 + 26*f**2 - 55*f**2 - f - 3 - 2*f**3 + 12*f**3. What is a(i)?
-7
Let p(j) = -2*j - 5. Let q be 5 + (-1)/((18/6)/3). What is p(q)?
-13
Let u(c) be the first derivative of 15*c - 4 + 1/3*c**3 + 1/2*c**2 - 1/4*c**4. Give u(0).
15
Let u = -1053 - -1050. Let i(d) = -d**3 - 2*d**2 + 5*d + 2. Give i(u).
-4
Let p(d) = -4 + 8*d + 4. Suppose 11*v = 915 - 893. Calculate p(v).
16
Let n(i) = i**2 + 3*i + 7. Let w(h) = 4*h + 6. Let p(z) = -2*n(z) + 3*w(z). Determine p(4).
-4
Let p be 2/(-6) + (-52)/(-12). Suppose -3*i + 8 = -2*q, -p*q + 11 = i - 3*q. Let v(m) = m**2 - 3*m - 7. Calculate v(i).
11
Let k = -744 - -747. Let g(t) = t**2 - 2*t - 1. Determine g(k).
2
Let j(l) be the second derivative of l**5/20 - l**4/4 - 2*l**3/3 + 2*l**2 - l - 50. Determine j(3).
-8
Let c(m) = -m - 1. Let t(n) = 3*n - 13. Let s(x) = -2*c(x) + t(x). What is s(5)?
14
Suppose -16 + 36 = 10*v. Let o(g) = -6*g - 1. Calculate o(v).
-13
Let o = -5 + 10. Suppose 0 = 3*n - 2 + o. Let r(u) = -6*u**2. Let x(f) = -5*f**2. Let m(p) = 4*r(p) - 5*x(p). What is m(n)?
1
Suppose -6 = 5*d + 9. Let v be (-198)/(-55) - d/(-5). Let l(q) = q**3 + q**2 + 1. Let n(h) = 4*h**3 + 8*h**2 + 4*h + 1. Let w(t) = 5*l(t) - n(t). What is w(v)?
-8
Let m(k) = 25*k - 7. Let r(d) = -6*d. Let i(f) = m(f) + 4*r(f). Give i(7).
0
Let n be (2 - -3)/(24/4 + -5). Suppose 20*t - 45 = n*t. Let u(w) = -3*w + 1. Give u(t).
-8
Let p(w) = -2841 + 5668 + w**2 - 2833. What is p(0)?
-6
Let m(l) be the first derivative of -l**2 + 43*l + 172. Determine m(19).
5
Let x(z) = 5*z**2 + 5*z - 3*z + z**2 + 5 + z**3. Let g = 17 - 15. Suppose g*v + 32 = 4*f, 5*v - v - f + 29 = 0. What is x(v)?
-7
Let q be (-28)/4 - (-21)/3. Let b(j) = -j**3 + j**2 - j + 11. Give b(q).
11
Let u(l) = 5*l - 6*l + 4 + 4. Let i be -3 - -2 - -16 - 1. Let x = i + -8. Give u(x).
2
Let d(p) be the second derivative of p**4/24 - p**3/6 + 7*p**2/2 - 14*p. Let g(n) be the first derivative of d(n). Calculate g(-5).
-6
Let u(z) be the first derivative of 1/2*z**2 + 4*z + 15. Determine u(-4).
0
Let c be ((-24)/(-20) - 2)*(-15)/2. Let y(l) = 9*l + 4. Let q(m) = -m. Let i(u) = c*q(u) + y(u). Give i(-5).
-11
Let z(q) = 57*q**3 - 4*q**2 + 3*q - 102*q**3 + 46*q**3 + 1. Suppose 25 = 4*g - 11. Let f = -5 + g. Calculate z(f).
13
Let o(s) = s - 12. Suppose 5*h + 23 = -5*i - 12, -3*h + 5*i = 5. Let p = 14 + h. Determine o(p).
-3
Let k(x) = x**3 - 2*x**2 - 4*x - 5. Let g be (-164)/(-10) + 4/(-10). Suppose 0 = -4*z + 8*z - g. Determine k(z).
11
Let p(f) = -f + 9. Let l = -10 + 4. Let z(k) = k**3 + k**2 + k. Let d(g) = -3*g**3 + 3*g**2 + 3*g - 1. Let o(y) = -d(y) - 4*z(y). Let v be o(l). Determine p(v).
2
Let o be 2/(-2 - (-633)/315). Let s(z) = -9 + 6*z**2 + 2 + 204*z - o*z + z**3. Determine s(-7).
-14
Suppose 2*l = 4*p - 0*l - 10, -p - 2*l = 10. Suppose p = 5*q - 2 - 43. Let c(i) = i - 2. What is c(q)?
7
Let s(r) = 2*r + 2. Let b(n) = n**3 + 30*n**2 + 30*n + 33. Let j be b(-29). Calculate s(j).
10
Let i = 4 - -5. Suppose -5*p - 12 = -3*a, 5*p + 5*a = i*p + 20. Let j(q) = -2*q**2 + 3*q + 8. Let u(l) = l**2 - 2*l - 8. Let h(v) = 2*j(v) + 3*u(v). Give h(p).
-8
Let t(q) be the first derivative of -q**4/4 + 8*q**3/3 + q**2 - 7*q + 59. Determine t(8).
9
Let q(x) be the first derivative of x**3/3 - 15*x**2/2 + 21*x - 621. Give q(14).
7
Let i = 8 + -5. Let c(s) = -s**2 - 2 + 0 - 6 + s**i. Let w(r) = -r**2 + 2*r - 1. Let k be w(1). Determine c(k).
-8
Let z(r) be the third derivative of -1/120*r**5 + 2*r**2 - 1/24*r**4 + 0*r + 0 - 5/6*r**3. Let j(v) be the first derivative of z(v). Determine j(-3).
2
Suppose -2*a - 37 = 3*a - v, 2*v = a + 2. Let t(h) = h**2 + 9*h + 18. Calculate t(a).
10
Let g(w) = -11*w**2 + 1. Let d be (-20)/160 + (-7)/8. Give g(d).
-10
Let p = 4918 - 4926. Let u(k) = 7*k**2 + 16*k + 15. Let v(l) = -13*l**2 - 31*l - 29. Let c(i) = -11*u(i) - 6*v(i). Determine c(p).
-7
Let l(i) = -2*i**2 + 2*i + 2. Let m(s) = s**2 + 6*s - 6. Let a be m(0). Let q(v) = 0*v**2 + v - 2*v**2 + 1 + v**2. Let b(w) = a*l(w) + 11*q(w). What is b(2)?
1
Let b(y) = y**3 - 14*y**2 + 14*y + 4. Let h be b(13). Let l(q) = -q + 32. Calculate l(h).
15
Suppose 2*y - 4 = -6. Let x(z) = 1. Let m(q) = -q + 1. Let f(u) = y*x(u) - m(u). Determine f(1).
-1
Let l(f) = 25 - 66*f + 242*f - 66*f - 57*f - f**2 - 56*f. Calculate l(-8).
-15
Let u(p) = 892*p + 7 + 1 - 3 + 892*p - 1783*p. Let g(v) = v**3 + 2*v**2 - v. Let y be g(-2). Suppose -3*c + 12 = -y*z, 4*c + 3*z = 21 + 12. Give u(c).
11
Let n = 30 + -24. Let v(d) be the first derivative of -d**2 + 2*d + 1. What is v(n)?
-10
Suppose -27 = -7*b + 15. Let i(z) = -z + 3. Determine i(b).
-3
Suppose 4 + 0 = j. Let i(a) = -a + j - 7*a + 4*a + 3*a. Determine i(3).
1
Let p(l) be the second derivative of l**4/6 - 11*l**3/3 - 8*l**2 + 85*l. Give p(12).
8
Let z(f) = -5*f**3 - 2*f**2 + 1. Suppose 0 = 4*u + 2*p, p + 3*p + 13 = 5*u. Give z(u).
-6
Suppose -v + 12 = -2*v - 5*s, 0 = v - 3*s - 12. Let d(q) = 2*q**2 - 3*q. Give d(v).
9
Let n = -92 - -96. Let r(i) = i - 5. Calculate r(n).
-1
Let h(w) = 6*w - 6. Let b(g) = 3*g - 1. Let c(l) = -b(l) + h(l). Give c(5).
10
Let p(v) = 25*v + 41. Let z(u) = -6*u - 9. Let s(h) = 2*p(h) + 9*z(h). Give s(1).
-3
Suppose -6 = 4*y + 6, -l - y + 9 = 0. Let x(o) be the first derivative of -o**4/4 + 11*o**3/3 + 13*o**2/2 - 17*o - 32. What is x(l)?
-5
Let g = -53 - -35. Let t be 24/g*(-2 + -1). Let j(q) = -3 + t*q**2 + q**3 - q + 3*q**3 - 3*q**3. Calculate j(-3).
9
Let i(d) be the first derivative of 2*d**2 + 72. What is i(-2)?
-8
Let x(y) be the second derivative of y**3/6 + 2*y**2 + 2*y - 19. Suppose 3*v = v - 8. Determine x(v).
0
Suppose -5*x = 2*x - 28. Let b(l) = -2*l - x*l + 16*l - 6*l. Give b(1).
4
Let i(l) = -13*l**2 + 24*l + 29. Let o(y) = 3*y**2 - 6*y - 7. Let u(h) = -2*i(h) - 9*o(h). Let z = -3564 + 3568. Give u(z).
13
Let w be 4 + (-9)/(36/32). Let n be -9*(w - 22/(-6)). Let j(m) be the second derivative of -m**4/12 + 2*m**3/3 - 3*m**2/2 + 4*m. What is j(n)?
0
Suppose 0*w = -12*w - 5*w. Let s(p) = -p**2 - 2*p + 9. What is s(w)?
9
Let j(c) = 6*c. Let o(i) = -i - 14. Let b be o(10). Let y = -22 - b. Calculate j(y).
12
Suppose 2*v = 0, t - v = -0*t - 6. Let o(j) = -j**3 - 6*j**2 - 2*j + 5. Give o(t).
17
Let b(u) = u - 6. Let r = 34 + -30. Suppose 0*s + r*s - s = 0. Calculate b(s).
-6
Let s(n) = 4*n**3 - 2*n**2 + 7*n - 1. Let z(r) be the first derivative of -1 + 0*r + 1/3*r**3 - 3/4*r**4 - 3*r**2. Let y(x) = 4*s(x) + 5*z(x). Determi